**2 + 26*y. Let j be o(-2). Let u = 72 - j. Let z(g) = g**2 - 9*g - 3. Calculate z(u).
-11
Let c(b) be the first derivative of 0*b**3 + 1/4*b**4 - b**2 + b + 83. Let v = 6 + -8. Calculate c(v).
-3
Let a(f) = -f**3 + 3*f**2 + f - 2. Let n(w) = 1 - 6*w**2 + 3*w**2 + 3*w**2 + 9*w + 2*w**2. Let u be n(-4). Let r be ((-35)/10 - u) + (-5)/(-2). Calculate a(r).
4
Let y(v) = 96 + v**2 - 9450*v + 0*v**2 + v**2 + 9481*v. Determine y(-11).
-3
Suppose -5*a = u + 7, -2*a - 4 = -3*u + 9. Let r(l) = 1. Let o be (-2 - -4) + (-4 - -1). Let p(s) = -2*s**2 + 4*s. Let i(y) = o*p(y) + u*r(y). Calculate i(2).
3
Let h be (9 + -1 - 8)/(-1*1). Let s(j) = h + 3 + 5 + 4*j - 7. Let r = -1 - -4. Give s(r).
13
Let z(l) = 2*l - 168*l**3 + 12*l + 15 - 6*l**2 + 169*l**3 + 15*l**2 + 5*l**2. What is z(-13)?
2
Suppose -18*x - 13*x - 594 = -4*x. Let r(a) = -3*a - 33. Calculate r(x).
33
Let l(c) = -2*c + 6. Let a be l(-9). Let i = 16 - a. Let f(v) = -v + 1. Let q be f(i). Let x(j) = j**3 - 9*j**2 - 2. Calculate x(q).
-2
Let f = -21959 - -21952. Let i(r) = 35*r + 254. Calculate i(f).
9
Let r(p) = p + 3. Suppose -c - 75*g - 7 = -73*g, 0 = 2*c - 2*g + 8. Let a be (-3)/c*(-13 + 3). What is r(a)?
-3
Let p(s) = 3*s**2 + 5*s - 4. Let y(l) = -l**2 - 2*l - 1. Let g(h) = 2*h**2 + 3*h + 1. Let j(t) = -3*g(t) - 4*y(t). Let o(c) = 4*j(c) + p(c). Give o(1).
-4
Suppose z - 17 = 24. Let v = z + -36. Let a(h) = -7*h + 13. Let d(l) = -4*l + 6. Let s(r) = v*d(r) - 3*a(r). Give s(9).
0
Let f(k) be the second derivative of k**4/12 + 5*k**3/6 + k**2 - 13*k + 2. Let h = -24 - -18. Determine f(h).
8
Let v be (-65)/(-39) - 90/54. Let l(n) = -4*n**3 + 6*n**2 + 7*n. Let y(o) = 3*o**3 - 5*o**2 - 6*o - 1. Let b(p) = 4*l(p) + 5*y(p). What is b(v)?
-5
Let k(f) = -f. Let w(j) = 4*j - 3. Let y be (-2)/(-5) + 3/5. Let b = -2202 - -2205. Let i(t) = b*k(t) + y*w(t). What is i(5)?
2
Let p(s) be the first derivative of -11*s**2/2 - s + 3. Let i be 8/(72/45) - 4. Determine p(i).
-12
Suppose -4*b - 11 + 3 = 0. Let c(l) = l**2 + l - 9. Let s(y) = -y. Let g(d) = -d**2 - 2*d + 62. Let x be g(-9). Let f(q) = b*s(q) + x*c(q). What is f(0)?
9
Suppose 6*w - 2*w - 5*i = 1412, -5*w - 3*i = -1728. Suppose 4*h = -8*h + w. Let r(z) = 34*z - 90*z + 29*z + 6 + h*z. Determine r(-4).
-2
Suppose -3*z + 4 = 1. Let y(c) be the second derivative of -3*c**5/40 - 2*c**3 - 139*c. Let f(t) be the second derivative of y(t). Calculate f(z).
-9
Let w(g) = -2*g**2 + 155*g + 10. Let u(l) = -l**2 - 32*l - 2. Let b(i) = -5*u(i) - w(i). What is b(-4)?
92
Suppose 0 = -y + 3*j - 23, -2*j = 3*y + 194 - 180. Let o(v) = v + 19. Determine o(y).
11
Let p(k) be the first derivative of 2*k**2 - 14 + 1/4*k**4 - 2*k**3 + k. Calculate p(5).
-4
Let k(z) = -5*z**2 - 7*z - 7. Let i(a) = 14*a**2 + 19*a + 19. Let x(j) = -4*i(j) - 11*k(j). Suppose 5*p + m = -15, 4*p + 0*m = -2*m - 18. Calculate x(p).
-5
Let t(d) = 9*d + 92. Let z be t(-10). Let m(b) = b + 1 + z*b - 8*b. Determine m(-1).
6
Let t(o) = -12*o - 3. Suppose 5*a - 4*y - 32 = a, -y = -4*a + 32. Suppose -6*d = 2*m - 10*d - a, -d + 16 = -5*m. Determine t(m).
45
Let w(j) = -15*j**3 + j**2 - 3*j - 1. Suppose k = 7*m - 4*m + 6, -5*k = 3*m - 12. Determine w(m).
18
Let x(w) be the third derivative of w**6/120 + 4*w**5/15 + 5*w**4/12 - 29*w**3/6 + 2132*w**2. What is x(-15)?
46
Let j = -220 - -227. Let p(z) = -z**2 + 6*z + 9. Let b be p(j). Let f(v) = -v. Let l(a) = 4*a. Let t(m) = -20*f(m) - 6*l(m). Give t(b).
-8
Let c(k) = 4*k**3 + 14*k**2 + 22*k - 4. Let t(q) = 11*q**3 + 42*q**2 + 67*q - 11. Let p(g) = -8*c(g) + 3*t(g). Calculate p(-12).
-13
Let c be (-3 - 0)*(-1 - -2). Let a(i) = 7*i + 15. Let g(o) = -15*o - 33. Suppose -2*m - x + 22 = 3*x, x + 14 = m. Let u(y) = m*a(y) + 6*g(y). Calculate u(c).
-6
Let a(q) = -28*q**3 - q**2 + q + 1. Let y be ((-3)/9)/(4/(-24)). Suppose -4*m = -20, -y*i - m = -0*i - 3. Determine a(i).
27
Let s(a) = a**2 - 3*a + 2. Let y be s(3). Suppose -5*p + 16 = -3*q, 0*q = q - p + y. Let k(c) = 0*c + 0*c - 3*c - 3*c + 5 + 5*c - 2. Calculate k(q).
0
Let o(z) = 41*z**2 + 40*z - 14. Let a(y) = -68*y**2 - 65*y + 24. Let f(i) = -8*a(i) - 13*o(i). What is f(0)?
-10
Let d = -14 + 25. Let x = 11 - d. Let h(o) = -3*o**3 - 7*o**2 - o - 5. Let c(b) = 7*b**3 + 17*b**2 + 3*b + 9. Let k(f) = -2*c(f) - 5*h(f). Give k(x).
7
Let w = -3027 - -3031. Let f(n) be the second derivative of -1/6*n**3 + 0 - 5*n + 1/4*n**w + 0*n**2. Give f(2).
10
Suppose 2*d - 22 = -4*g, 3*d + 3 = 3*g - 27. Suppose 5*k - 18 = t, 5*t + 5 = 2*k + g. Let z(f) = k - 12*f - 204*f**2 + 205*f**2 - 9. What is z(12)?
-5
Suppose 4*d - 3*j = d - 24, 22 = -4*d - j. Let q be (-14)/(-6) + (d/9)/2. Suppose -q*x + 0 = 12. Let l(p) = 2*p + 5. Determine l(x).
-7
Let m(f) be the second derivative of f**4/12 + 17*f**3/6 + 36*f**2 - 1040*f. Give m(-7).
2
Let y(d) be the first derivative of -73 + 4/3*d**3 - 1/4*d**4 - 2*d + 1/2*d**2. Determine y(4).
2
Suppose -35 = -5*l - 0*l. Suppose 9 - 23 = -l*r. Let v(i) = -2*i**r - 1 + 3 - 3 - 7*i - 3. Determine v(-4).
-8
Let h(t) = t + 1. Let m(n) = 4*n - 43. Let i(u) = h(u) + m(u). Let b be i(12). Let c(y) = -10 - 4*y - 6 - 4 - 2*y**2 + b. Determine c(-2).
-2
Let l be (-1)/(-3)*(-51)/((-5)/5). Suppose 2*g = 5*k + l, -4*k = 4*g + 3 - 51. Let h(n) = n**2 - 11*n + 9. What is h(g)?
9
Let o(m) = 4*m**2 + 2*m**2 - 3*m**2 - 4*m**2 - 1 + m. Let u(z) = -2*z**2 - 11*z - 15. Let l(n) = o(n) - u(n). Let q = 550 + -560. Calculate l(q).
-6
Let m(o) = -o**2 + 67*o - 260. Let c be m(4). Let p(j) = 8*j + 66. What is p(c)?
2
Suppose 0 = -v + 2. Suppose k = 1 - v. Let p(f) be the first derivative of -f**4/2 - f**3/3 + f**2/2 + f - 1095. Give p(k).
1
Let c(k) = k**3 - 7*k**2 + 8*k + 1. Let z(t) = -13*t + 69. Let d be z(5). Suppose -d*p + 22 = i, -3*p - 26 = -i - 32. Give c(i).
13
Let y(l) be the first derivative of -1/3*l**3 + 70 + l**2 - 9*l. Calculate y(0).
-9
Suppose 0 = b + 1, -r - b + 354 + 34 = 0. Let p(y) = -2 + 2*y**3 + 9 + 8*y**2 - y**3 + r*y - 384*y. Determine p(-7).
21
Let f(x) = -x**2. Let r be f(2). Let k(q) = 1. Let m(a) = -a**2 + a + 1. Let i(n) = r*k(n) + m(n). Suppose 6*u = 3*t + 3*u + 15, -5*u + 25 = 0. Determine i(t).
-3
Let w = 7909 - 7911. Let r(z) = -2*z**3 - 3*z**2 - 15*z - 29. What is r(w)?
5
Let j(m) = 2*m**2 + 6*m + 2. Let n be 0/(-2) - (3 + -4). Let w(i) = i**2 - i. Let s be (14/6 - 2)*(22 - 25). Let o(q) = n*w(q) + s*j(q). Give o(-7).
-2
Let b(g) = -5*g**3 + g**2 + 7*g + 1. Let p(o) = -23*o**3 + 4*o**2 + 49*o + 6. Let v(r) = 5*b(r) - p(r). Calculate v(0).
-1
Let t(d) = 5*d**2 - 3*d - 5. Let c be 9*6*1/(-27). Give t(c).
21
Let f(h) = 12*h + 11. Let y(b) = -b**2 + 38*b - 246. Let m be y(8). Determine f(m).
-61
Let n = 10 + -11. Let b(f) be the third derivative of f**7/280 - f**4/24 + 4*f**3/3 - 9*f**2. Let l(w) be the first derivative of b(w). Determine l(n).
-4
Let z(b) be the first derivative of b**2/2 + 2. Suppose -2*h = -5*w - 285, -5*w - 57 = -4*w - 3*h. Let r be 2/(-6 - w/9). Determine z(r).
6
Let k be 0/(2 + -4) + 5. Suppose -2*h - 3*d = -6 + 35, -15 = k*d. Let i(u) = 2*u + 20. Calculate i(h).
0
Suppose 276 = -9*a + 21*a. Let r(g) = 20*g - 76*g + 27*g - g**2 + a*g. Determine r(-7).
-7
Suppose -4*n - 135 = 5*g + n, 85 = -3*g + n. Let b = g - -47. Let p(i) = -2*i + 35. Let h be p(b). Let j(t) = t**3 + 5*t**2 + 4*t + 2. Calculate j(h).
8
Let v = -216 - -220. Let u(g) = 4*g - 8. Let f(s) = -3*s + 7. Let l(i) = 3*f(i) + 2*u(i). Give l(v).
1
Let m(x) = -7*x - 20. Let y be m(-9). Let g be (-21)/(-42)*(89 + -1). Let l = g - y. Let p(k) = -14*k**2 + 2*k - 1. Give p(l).
-13
Let n(q) = 2*q + 92*q**2 + 5 + 11 - 13. Let k be n(-1). Let z = k + -91. Let b(p) = -p**3 + 5*p**2 - p - 1. Give b(z).
9
Let h(s) = s - 10. Let p(b) = -b**3 - 6*b**2 + 10*b + 23. Let f be p(-7). Suppose -f*j = -5*c - 22, -5*c + 20 = 14*j - 9*j. What is h(j)?
-4
Let o(r) = -r**2 - 18*r - 76. Let z be o(-10). Suppose 0 = -7*u + 5*u - 10, -z*h + 3*u + 19 = 0. Let x(p) = -9*p - 1. Give x(h).
-10
Let z(m) be the second derivative of m**4/12 - m**3/6 - 17*m**2/2 - 69*m - 2. Let w(v) be the first derivative of z(v). Calculate w(1).
1
Let l(h) = -1 - h**2 - 6*h - 1 - 2*h - 3. Let s be ((-16)/10)/((-210)/(-1050)). Determine l(s).
-5
Let j(i) = 3*i + 1. Suppose 0 = 4*k + 5*k - 918. Suppose 84*c + 108 = k*c. What is j(c)?
19
Let h = -80 + 72. Let t(p)